501948909 a multiple of 142?
False
Does 212 divide 96559384?
False
Is 27028985 a multiple of 5?
True
Is 24317922 a multiple of 2514?
True
Is 21 a factor of 12590911?
False
Is 20701415 a multiple of 17?
False
Does 17 divide 35578542?
False
Is 516120668 a multiple of 38?
False
Is 17 a factor of 10327585?
True
Is 18 a factor of 326281752?
True
Is 15 a factor of 2744111?
False
Does 13 divide 375881050?
False
Is 3 a factor of 177428335?
False
Is 52 a factor of 57827276?
True
Is 70713063 a multiple of 207?
True
Is 771 a factor of 35497466?
False
Does 675 divide 96277009?
False
Does 13 divide 23773074?
True
Is 2 a factor of 39807676?
True
Is 421554120 a multiple of 4927?
True
Does 367 divide 90496740?
False
Is 907 a factor of 73805320?
False
Is 56 a factor of 210530510?
False
Is 6295842 a multiple of 609?
True
Is 16 a factor of 1198227723?
False
Is 278 a factor of 594372501?
False
Does 664 divide 148972388?
False
Is 42115577 a multiple of 686?
False
Is 171722754 a multiple of 378?
True
Does 32 divide 190721787?
False
Is 922 a factor of 22570560?
True
Is 1086 a factor of 128878878?
True
Does 482 divide 912204?
False
Does 13 divide 54972995?
False
Is 2618 a factor of 1722725323?
False
Is 237 a factor of 94975854?
True
Is 591270626 a multiple of 89?
False
Is 150913377 a multiple of 12?
False
Is 49869110 a multiple of 42?
False
Is 24539993 a multiple of 17?
True
Does 229 divide 301873983?
True
Is 13 a factor of 118420185?
True
Is 72 a factor of 18969120?
True
Does 144 divide 1858219782?
False
Does 768 divide 2573568?
True
Is 155 a factor of 8981960?
False
Is 21 a factor of 56333595?
False
Does 262 divide 239770913?
False
Is 69 a factor of 1916555?
False
Is 414 a factor of 67940712?
True
Does 2755 divide 196877090?
False
Does 30 divide 63304491?
False
Does 34 divide 1061428351?
False
Does 1032 divide 175924360?
False
Is 4815152 a multiple of 232?
False
Does 51 divide 17674465?
False
Is 7 a factor of 269365231?
False
Is 46729998 a multiple of 59?
False
Is 101233035 a multiple of 3113?
False
Is 10355 a factor of 3693570746?
False
Is 470065662 a multiple of 19?
True
Does 3845 divide 6501895?
True
Is 2511908 a multiple of 14?
True
Is 6 a factor of 538150350?
True
Is 141276024 a multiple of 6?
True
Is 420263247 a multiple of 257?
False
Is 176310851 a multiple of 24?
False
Does 12 divide 13524540?
True
Is 91 a factor of 55222356?
False
Does 2187 divide 928382179?
False
Is 9951040 a multiple of 1028?
True
Does 80 divide 44531171?
False
Is 136042200 a multiple of 378?
True
Is 33331110 a multiple of 4344?
False
Is 809 a factor of 36777140?
True
Is 373454158 a multiple of 418?
True
Is 4385627 a multiple of 10?
False
Is 66608040 a multiple of 1545?
True
Is 83 a factor of 31755136?
True
Does 77 divide 180296424?
True
Is 488889858 a multiple of 760?
False
Is 427782090 a multiple of 192?
False
Is 16950782 a multiple of 23?
False
Is 2213 a factor of 105606573?
True
Does 40 divide 49861400?
True
Does 2559 divide 670950760?
False
Does 951 divide 583444904?
False
Is 31307139 a multiple of 596?
False
Is 2886719416 a multiple of 83?
True
Is 1284 a factor of 50032555?
False
Is 761143365 a multiple of 37?
False
Is 16 a factor of 113638112?
True
Does 504 divide 2550971082?
False
Is 792936198 a multiple of 125?
False
Is 994 a factor of 75130496?
True
Is 18 a factor of 2690591062?
False
Is 8823267 a multiple of 3?
True
Does 44 divide 1613743033?
False
Is 467196984 a multiple of 8?
True
Does 1131 divide 302307252?
True
Does 1212 divide 50688100?
False
Does 24 divide 74159304?
True
Is 107 a factor of 13317498?
False
Is 104 a factor of 206715537?
False
Does 109 divide 804713319?
True
Does 7887 divide 600492241?
False
Is 71 a factor of 58488378?
False
Does 18 divide 87235200?
True
Is 121 a factor of 50746194?
False
Does 934 divide 187276340?
True
Does 20 divide 11047860?
True
Is 28 a factor of 219283189?
False
Does 6 divide 181274616?
True
Is 33 a factor of 18303152?
False
Is 9 a factor of 1393038?
True
Does 1171 divide 22846953?
False
Is 57 a factor of 988624136?
False
Does 319 divide 8245203?
False
Is 27889014 a multiple of 819?
False
Is 1076 a factor of 694100700?
True
Is 867 a factor of 984276903?
False
Does 30 divide 10290381?
False
Does 429 divide 8079231?
False
Is 12700585 a multiple of 5?
True
Is 12 a factor of 70628235?
False
Does 14 divide 139249306?
True
Does 3519 divide 1411158212?
False
Does 653 divide 84722375?
False
Does 407 divide 2103299891?
True
Is 47 a factor of 37144950?
False
Does 30 divide 19597106?
False
Does 26 divide 10945770?
False
Does 46 divide 596903268?
True
Is 447559 a multiple of 53?
False
Does 1842 divide 1634467109?
False
Is 676837454 a multiple of 2045?
False
Is 12918132 a multiple of 562?
True
Is 6 a factor of 24589686?
True
Does 84 divide 187399044?
True
Is 2563884512 a multiple of 512?
False
Does 11 divide 292753370?
False
Is 93 a factor of 4220089086?
True
Is 144968508 a multiple of 4463?
False
Is 94005936 a multiple of 36?
True
Does 9517 divide 792956440?
True
Is 17293300 a multiple of 33?
False
Is 582374718 a multiple of 1506?
True
Is 8989 a factor of 253022372?
True
Does 319 divide 145145?
True
Does 20 divide 106733820?
True
Is 578 a factor of 15940662?
True
Does 115 divide 131071365?
True
Is 688 a factor of 13876272?
True
Is 128 a factor of 1909122243?
False
Does 835 divide 66578629?
False
Is 35481504 a multiple of 244?
True
Does 978 divide 10206398?
False
Does 15 divide 393429430?
False
Does 8 divide 63962776?
True
Is 15 a factor of 255978436?
False
Is 20 a factor of 47257060?
True
Is 407 a factor of 570983149?
True
Is 20 a factor of 17269340?
True
Does 239 divide 230297771?
True
Is 66882673 a multiple of 11?
True
Is 251 a factor of 19272605?
False
Is 100 a factor of 541061300?
True
Does 1244 divide 93028214?
False
Is 83 a factor of 4902229?
True
Is 8100599 a multiple of 13?
True
Is 206303394 a multiple of 237?
False
Is 68 a factor of 6692696?
True
Is 32 a factor of 294184544?
True
Is 18 a factor of 4348563?
False
Is 44 a factor of 870397718?
False
Is 14 a factor of 417282740?
True
Is 23074821 a multiple of 99?
True
Is 5490 a factor of 1250600040?
True
Is 42 a factor of 47629722?
True
Is 8497358 a multiple of 43?
False
Is 5342308 a multiple of 4?
True
Does 70 divide 634897418?
False
Is 60 a factor of 21214620?
True
Does 17 divide 283501860?
True
Does 3 divide 685566?
True
Is 6268719760 a multiple of 20?
True
Is 13 a factor of 2701903082?
False
Is 235911375 a multiple of 5074?
False
Does 350 divide 30257436?
False
Is 2209 a factor of 79590289?
False
Is 12218822 a multiple of 31?
False
Does 814 divide 1874352386?
False
Is 1080 a factor of 4967834750?
False
Is 97422598 a multiple of 1033?
False
Is 100380476 a multiple of 14?
True
Does 18 divide 334317942?
True
Does 1612 divide 559718640?
True
Does 58 divide 468213612?
False
Is 676 a factor of 1995783868?
True
Is 97 a factor of 63046411?
True
Is 109 a factor of 5997616?
True
Is 117390956 a multiple of 2644?
True
Is 10 a factor of 14221255?
False
Is 17 a factor of 34065365?
True
Is 336 a factor of 53999904?
True
Is 527 a factor of 18071977?
False
Does 70 divide 465727534?
False
Is 88 a factor of 542051756?
False
Does 6 divide 2192641?
False
Is 370 a factor of 31656090?
True
Does 817 divide 19051719?
False
Is 9 a factor of 48191103?
True
Is 11 a factor of 15336632?
False
Does 101 divide 1354865273?
False
Is 374 a factor of 19631382?
False
Does 572 divide 85476248?
True
Is 6 a factor of 163789176?
True
Is 105962818 a multiple of 13?
True
Does 11 divide 688939149?
False
Is 30922611 a multiple of 36?
False
Does 169 divide 13285090?
True
Does 9 divide 29153016?
True
Is 316122378 a multiple of 286?
True
Is 8239971015 a multiple of 113?
False
Is 77737638 a multiple of 11?
True
Is 33 a factor of 74160438?
True
Is 320 a factor of 274911040?
True
Is 56813976 a multiple of 1956?
True
Does 145 divide 2771868285?
True
Is 22774560 a multiple of 2720?
True
Is 11 a factor of 7811384?
False
Does 3844 divide 61332839?
False
Is 460988501 a multiple of 1489?
False
Is 49 a factor of 1317178?
False
Is 205820902 a multiple of 41?
True
Is 52 a factor of 55978728?
True
Does 28 divide 562832060?
True
Does 124 divide 114640232?
True
Does 8 divide 15886864?
True
Is 27875880 a multiple of 108?
True
Is 13933104 a multip